{"id":56,"date":"2026-03-02T14:53:21","date_gmt":"2026-03-02T14:53:21","guid":{"rendered":"http:\/\/benjaminairmusic.fr\/?page_id=56"},"modified":"2026-03-09T21:19:59","modified_gmt":"2026-03-09T21:19:59","slug":"accueil","status":"publish","type":"page","link":"https:\/\/benjaminairmusic.fr\/","title":{"rendered":"Accueil"},"content":{"rendered":"","protected":false},"excerpt":{"rendered":"","protected":false},"author":1,"featured_media":0,"parent":0,"menu_order":0,"comment_status":"closed","ping_status":"closed","template":"","meta":{"footnotes":""},"class_list":["post-56","page","type-page","status-publish","hentry"],"yoast_head":"<!-- This site is optimized with the Yoast SEO plugin v27.1.1 - https:\/\/yoast.com\/product\/yoast-seo-wordpress\/ -->\n<title>Accueil - Benjamin Air<\/title>\n<meta name=\"description\" content=\"Benjamin Air, auteur-compositeur-interpr\u00e8te lyonnais. D\u00e9couvrez ses chansons pop-rock, ses textes en fran\u00e7ais et les dates de ses concerts.\" \/>\n<meta name=\"robots\" content=\"index, follow, max-snippet:-1, max-image-preview:large, max-video-preview:-1\" \/>\n<link rel=\"canonical\" href=\"https:\/\/benjaminairmusic.fr\/\" \/>\n<meta property=\"og:locale\" content=\"fr_FR\" \/>\n<meta property=\"og:type\" content=\"article\" \/>\n<meta property=\"og:title\" content=\"Benjamin Air \u2013 Auteur compositeur interpr\u00e8te lyonnais\" \/>\n<meta property=\"og:description\" content=\"D\u00e9couvrez l\u2019univers musical de Benjamin Air : chansons pop-rock en fran\u00e7ais, actualit\u00e9s et dates de concerts.\" \/>\n<meta property=\"og:url\" content=\"https:\/\/benjaminairmusic.fr\/\" \/>\n<meta property=\"og:site_name\" content=\"Benjamin Air\" \/>\n<meta property=\"article:publisher\" content=\"https:\/\/www.facebook.com\/benjaminairfrance\" \/>\n<meta property=\"article:modified_time\" content=\"2026-03-09T21:19:59+00:00\" \/>\n<meta property=\"og:image\" content=\"https:\/\/benjaminairmusic.fr\/wp-content\/uploads\/2026\/03\/ben-pour-deezer.png\" \/>\n\t<meta property=\"og:image:width\" content=\"709\" \/>\n\t<meta property=\"og:image:height\" content=\"709\" \/>\n\t<meta property=\"og:image:type\" content=\"image\/png\" \/>\n<meta name=\"twitter:card\" content=\"summary_large_image\" \/>\n<script type=\"application\/ld+json\" class=\"yoast-schema-graph\">{\"@context\":\"https:\/\/schema.org\",\"@graph\":[{\"@type\":\"WebPage\",\"@id\":\"https:\/\/benjaminairmusic.fr\/\",\"url\":\"https:\/\/benjaminairmusic.fr\/\",\"name\":\"Accueil - Benjamin Air\",\"isPartOf\":{\"@id\":\"https:\/\/benjaminairmusic.fr\/#website\"},\"datePublished\":\"2026-03-02T14:53:21+00:00\",\"dateModified\":\"2026-03-09T21:19:59+00:00\",\"description\":\"Benjamin Air, auteur-compositeur-interpr\u00e8te lyonnais. D\u00e9couvrez ses chansons pop-rock, ses textes en fran\u00e7ais et les dates de ses concerts.\",\"breadcrumb\":{\"@id\":\"https:\/\/benjaminairmusic.fr\/#breadcrumb\"},\"inLanguage\":\"fr-FR\",\"potentialAction\":[{\"@type\":\"ReadAction\",\"target\":[\"https:\/\/benjaminairmusic.fr\/\"]}]},{\"@type\":\"BreadcrumbList\",\"@id\":\"https:\/\/benjaminairmusic.fr\/#breadcrumb\",\"itemListElement\":[{\"@type\":\"ListItem\",\"position\":1,\"name\":\"Accueil\",\"item\":\"https:\/\/benjaminairmusic.fr\/\"},{\"@type\":\"ListItem\",\"position\":2,\"name\":\"Accueil\"}]},{\"@type\":\"WebSite\",\"@id\":\"https:\/\/benjaminairmusic.fr\/#website\",\"url\":\"https:\/\/benjaminairmusic.fr\/\",\"name\":\"www.benjaminairmusic.fr\",\"description\":\"\",\"publisher\":{\"@id\":\"https:\/\/benjaminairmusic.fr\/#organization\"},\"potentialAction\":[{\"@type\":\"SearchAction\",\"target\":{\"@type\":\"EntryPoint\",\"urlTemplate\":\"https:\/\/benjaminairmusic.fr\/?s={search_term_string}\"},\"query-input\":{\"@type\":\"PropertyValueSpecification\",\"valueRequired\":true,\"valueName\":\"search_term_string\"}}],\"inLanguage\":\"fr-FR\"},{\"@type\":\"Organization\",\"@id\":\"https:\/\/benjaminairmusic.fr\/#organization\",\"name\":\"Benjamin Air\",\"url\":\"https:\/\/benjaminairmusic.fr\/\",\"logo\":{\"@type\":\"ImageObject\",\"inLanguage\":\"fr-FR\",\"@id\":\"https:\/\/benjaminairmusic.fr\/#\/schema\/logo\/image\/\",\"url\":\"https:\/\/benjaminairmusic.fr\/wp-content\/uploads\/2026\/03\/ben-pour-deezer.png\",\"contentUrl\":\"https:\/\/benjaminairmusic.fr\/wp-content\/uploads\/2026\/03\/ben-pour-deezer.png\",\"width\":709,\"height\":709,\"caption\":\"Benjamin Air\"},\"image\":{\"@id\":\"https:\/\/benjaminairmusic.fr\/#\/schema\/logo\/image\/\"},\"sameAs\":[\"https:\/\/www.facebook.com\/benjaminairfrance\",\"https:\/\/www.youtube.com\/@benjaminairmusic\",\"https:\/\/www.instagram.com\/benjamin.air.music\/\",\"https:\/\/www.tiktok.com\/@benjamin.air.music\"]}]}<\/script>\n<!-- \/ Yoast SEO plugin. -->","yoast_head_json":{"title":"Accueil - Benjamin Air","description":"Benjamin Air, auteur-compositeur-interpr\u00e8te lyonnais. D\u00e9couvrez ses chansons pop-rock, ses textes en fran\u00e7ais et les dates de ses concerts.","robots":{"index":"index","follow":"follow","max-snippet":"max-snippet:-1","max-image-preview":"max-image-preview:large","max-video-preview":"max-video-preview:-1"},"canonical":"https:\/\/benjaminairmusic.fr\/","og_locale":"fr_FR","og_type":"article","og_title":"Benjamin Air \u2013 Auteur compositeur interpr\u00e8te lyonnais","og_description":"D\u00e9couvrez l\u2019univers musical de Benjamin Air : chansons pop-rock en fran\u00e7ais, actualit\u00e9s et dates de concerts.","og_url":"https:\/\/benjaminairmusic.fr\/","og_site_name":"Benjamin Air","article_publisher":"https:\/\/www.facebook.com\/benjaminairfrance","article_modified_time":"2026-03-09T21:19:59+00:00","og_image":[{"width":709,"height":709,"url":"https:\/\/benjaminairmusic.fr\/wp-content\/uploads\/2026\/03\/ben-pour-deezer.png","type":"image\/png"}],"twitter_card":"summary_large_image","schema":{"@context":"https:\/\/schema.org","@graph":[{"@type":"WebPage","@id":"https:\/\/benjaminairmusic.fr\/","url":"https:\/\/benjaminairmusic.fr\/","name":"Accueil - Benjamin Air","isPartOf":{"@id":"https:\/\/benjaminairmusic.fr\/#website"},"datePublished":"2026-03-02T14:53:21+00:00","dateModified":"2026-03-09T21:19:59+00:00","description":"Benjamin Air, auteur-compositeur-interpr\u00e8te lyonnais. D\u00e9couvrez ses chansons pop-rock, ses textes en fran\u00e7ais et les dates de ses concerts.","breadcrumb":{"@id":"https:\/\/benjaminairmusic.fr\/#breadcrumb"},"inLanguage":"fr-FR","potentialAction":[{"@type":"ReadAction","target":["https:\/\/benjaminairmusic.fr\/"]}]},{"@type":"BreadcrumbList","@id":"https:\/\/benjaminairmusic.fr\/#breadcrumb","itemListElement":[{"@type":"ListItem","position":1,"name":"Accueil","item":"https:\/\/benjaminairmusic.fr\/"},{"@type":"ListItem","position":2,"name":"Accueil"}]},{"@type":"WebSite","@id":"https:\/\/benjaminairmusic.fr\/#website","url":"https:\/\/benjaminairmusic.fr\/","name":"www.benjaminairmusic.fr","description":"","publisher":{"@id":"https:\/\/benjaminairmusic.fr\/#organization"},"potentialAction":[{"@type":"SearchAction","target":{"@type":"EntryPoint","urlTemplate":"https:\/\/benjaminairmusic.fr\/?s={search_term_string}"},"query-input":{"@type":"PropertyValueSpecification","valueRequired":true,"valueName":"search_term_string"}}],"inLanguage":"fr-FR"},{"@type":"Organization","@id":"https:\/\/benjaminairmusic.fr\/#organization","name":"Benjamin Air","url":"https:\/\/benjaminairmusic.fr\/","logo":{"@type":"ImageObject","inLanguage":"fr-FR","@id":"https:\/\/benjaminairmusic.fr\/#\/schema\/logo\/image\/","url":"https:\/\/benjaminairmusic.fr\/wp-content\/uploads\/2026\/03\/ben-pour-deezer.png","contentUrl":"https:\/\/benjaminairmusic.fr\/wp-content\/uploads\/2026\/03\/ben-pour-deezer.png","width":709,"height":709,"caption":"Benjamin Air"},"image":{"@id":"https:\/\/benjaminairmusic.fr\/#\/schema\/logo\/image\/"},"sameAs":["https:\/\/www.facebook.com\/benjaminairfrance","https:\/\/www.youtube.com\/@benjaminairmusic","https:\/\/www.instagram.com\/benjamin.air.music\/","https:\/\/www.tiktok.com\/@benjamin.air.music"]}]}},"_links":{"self":[{"href":"https:\/\/benjaminairmusic.fr\/index.php?rest_route=\/wp\/v2\/pages\/56","targetHints":{"allow":["GET"]}}],"collection":[{"href":"https:\/\/benjaminairmusic.fr\/index.php?rest_route=\/wp\/v2\/pages"}],"about":[{"href":"https:\/\/benjaminairmusic.fr\/index.php?rest_route=\/wp\/v2\/types\/page"}],"author":[{"embeddable":true,"href":"https:\/\/benjaminairmusic.fr\/index.php?rest_route=\/wp\/v2\/users\/1"}],"replies":[{"embeddable":true,"href":"https:\/\/benjaminairmusic.fr\/index.php?rest_route=%2Fwp%2Fv2%2Fcomments&post=56"}],"version-history":[{"count":1,"href":"https:\/\/benjaminairmusic.fr\/index.php?rest_route=\/wp\/v2\/pages\/56\/revisions"}],"predecessor-version":[{"id":58,"href":"https:\/\/benjaminairmusic.fr\/index.php?rest_route=\/wp\/v2\/pages\/56\/revisions\/58"}],"wp:attachment":[{"href":"https:\/\/benjaminairmusic.fr\/index.php?rest_route=%2Fwp%2Fv2%2Fmedia&parent=56"}],"curies":[{"name":"wp","href":"https:\/\/api.w.org\/{rel}","templated":true}]}}